Calculate the greatest common factor of v and 4.
4
Suppose 6*y - 7*y = 0. Let j be ((y/(-4))/(-3))/(2 - -2). Suppose 5*g - 4*g - 364 = -4*f, j = -3*f - 2*g + 273. What is the highest common divisor of 13 and f?
13
Suppose -2*n + 50 = 3*n. Let p(d) = -d**3 - 32*d**2 - 228*d - 15. Let b be p(-10). Calculate the highest common divisor of n and b.
5
Suppose d = 3*z - 3239, -437*z + 441*z + 2*d = 4322. Calculate the highest common factor of z and 810.
270
Suppose 0 = -69*w - 2097 + 3270. Let o be 188 + -1*(2 - 1). What is the highest common factor of w and o?
17
Let y = -1575 + 4665. Calculate the greatest common divisor of y and 30.
30
Let r(f) = -f**3 + 12*f**2 + 15*f - 29. Let n be r(13). Let g be (-1 + -6)*(n - (2 + -3)). What is the highest common divisor of 28 and g?
14
Let z = 96 + 276. Suppose 7*y = -z + 1422. Calculate the greatest common factor of y and 60.
30
Let w = 28383 - 28375. Calculate the greatest common divisor of 5108 and w.
4
Suppose -7*o + 9520 = 3*o. Suppose -87*k + o = -80*k. What is the highest common factor of 34 and k?
34
Let u be (29 - 28)*(2 - -196). Let c be 2/((-6)/(-9))*-5. Let g be (9/c)/((-3)/90). What is the highest common factor of g and u?
18
Let z be -6 + 15/5 - -283. Suppose -27*c + 31*c = z. Let x = c + -25. Calculate the highest common divisor of 5 and x.
5
Let d(x) be the third derivative of x**6/120 + 11*x**5/60 - 21*x**4/8 + 2*x**3 + 4*x**2 + x. Let p be d(-15). What is the highest common divisor of p and 19?
19
Let s be (-2 + 5/3)/((-24)/360). Let y be (-164)/(-8) + s + 3/(-2). Calculate the highest common factor of 24 and y.
24
Let j(l) be the first derivative of -83*l**2/2 - 549*l + 82. Let y be j(-11). Calculate the highest common factor of y and 56.
28
Let t be 640/48 - 1/3. Suppose -531*o - 1612 = -535*o. What is the greatest common factor of o and t?
13
Let c be (1 - 0)/((-4)/(-20)). Let k be 2 - 5*(1 - 0). Let d be k/9 + (-230)/(-15). What is the highest common factor of c and d?
5
Let a = 25238 + -25193. What is the greatest common factor of 2000 and a?
5
Suppose -5*c = 3*k - 36, 2*k = 2*c + 5 + 3. Let s be (-2)/k + (-14)/(-49). Suppose 4*u - 2*u - 2 = s. What is the highest common divisor of u and 8?
1
Suppose u = -3*h + 14, 5*u - 3*h - 34 = -0*h. Let c = 322 - 317. Suppose -c*v - 448 = -13*v. Calculate the highest common factor of v and u.
8
Let i be 36/(-270) - 23406/(-45). Calculate the highest common divisor of 104 and i.
104
Let c be (-2305)/(-35) - (-42)/(-49). What is the highest common factor of 5395 and c?
65
Suppose 2*w - 330 = -40. Let a(c) = 2*c**2 + 63*c - 165. Let q be a(-34). Calculate the greatest common factor of w and q.
5
Let a(f) be the first derivative of -f**3/3 + 374*f + 204. Let k be a(0). Calculate the highest common divisor of 68 and k.
34
Suppose -3*x = 2*z - 35, -2*z = -x + 10 - 33. Suppose -3*s + z*s = 400. Let i = s + -36. What is the highest common divisor of i and 28?
4
Let h(k) = 13*k + 60 + k**2 + 58 - 134 - 2*k**2. Let p be h(7). What is the greatest common factor of 182 and p?
26
Let k be ((-204)/7)/((-11)/77). Let d = -63 + k. Suppose 4*b - d = -21. Calculate the highest common divisor of b and 330.
30
Suppose -348*b - 222*b + 1559520 = 0. Calculate the greatest common factor of b and 240.
48
Let b be 46/(-1242) - 35642/(-54). What is the highest common factor of b and 540?
60
Let u = 12 - -1. Suppose 1441*x = 1397*x + 1716. What is the highest common divisor of u and x?
13
Let l be 152/7 + (-4)/(-14). Suppose u - 5 = -v, -v + 2*u - l = -6*v. Calculate the greatest common divisor of v and 5.
1
Let o = 841 + -398. Suppose -o*x + 2160 = -434*x. What is the greatest common factor of x and 90?
30
Suppose 8*t - 2*t - 24 = 0. Suppose 5*j + u - 261 = 86, -2*j = -t*u - 152. Let x be 4/6 - (-160)/12. What is the highest common divisor of j and x?
14
Let x(s) = -6*s + 182. Let v be x(29). What is the greatest common factor of v and 3272?
8
Let z(j) = -8*j + 21. Let s(h) = -h - 1. Let a = -39 - -40. Let l(d) = a*s(d) - z(d). Let r be l(7). What is the greatest common factor of r and 9?
9
Suppose 11013 = 3*u - r, -17*u - 5*r + 14684 = -13*u. Suppose 9*i - u - 2746 = 0. What is the greatest common factor of i and 31?
31
Suppose 0 = -17*d + 425 - 374. Let z = -6 - -7. What is the highest common factor of z and d?
1
Let o = 207 + -135. Suppose 0 = -3*q + 36 + o. What is the highest common factor of 12 and q?
12
Suppose 0 = 3*h + 4*p - 158, -h - h + 104 = 4*p. Suppose -8*o + 446 + 34 = 0. Let q = o - h. Calculate the greatest common divisor of q and 30.
6
Let d(o) = -17*o + 9. Let l(i) = -8*i + 5. Let z(w) = 6*d(w) - 13*l(w). Let n be z(5). Let s = 6 + n. Calculate the highest common factor of s and 15.
5
Let g be ((-7)/2 - (3 + -7))/((-8)/(-3344)). What is the highest common divisor of g and 8569?
209
Suppose -2*r + 5*d = -5398, 3*r - 3*d - 4598 = 3508. Let k be 32/(-144) + r/18. Calculate the highest common factor of 50 and k.
50
Suppose 11*i + 24 = 17*i. Let q be i/22 - 32*(-10)/55. Let b be q/(-10) - (-138)/5. Calculate the highest common factor of 72 and b.
9
Let r(o) = -9*o**3 + 2*o**2 + 3*o + 2. Let b be r(-1). What is the greatest common divisor of b and 94?
2
Let g(t) = 3*t + 12. Let s be g(-2). Suppose 2*w = 5*q + 53, -s*w + 7*w - 5*q = 14. What is the highest common factor of w and 26?
13
Suppose 9*i + 3*i - 24208 = -5*i. Calculate the greatest common divisor of i and 16.
16
Let a = 19 + -24. Let m = a - -106. Let o = m - 100. What is the highest common divisor of o and 11?
1
Let t = 318 - 312. Suppose -4*w = -t*w + 84. Calculate the greatest common factor of w and 24.
6
Let s be (0 - -49)*(64 - 62). Calculate the greatest common factor of s and 6.
2
Let t(z) = -108*z - 403. Let g be t(-11). Let j = -697 + g. What is the greatest common divisor of j and 22?
22
Let l(k) = -2*k**3 + 12*k**2 - 33*k + 17. Let s be l(8). Let d = s + 514. What is the highest common divisor of 8 and d?
1
Let o = 94 + -70. Let r(j) = -j**3 + j**2 + j. Let l be r(0). Let v be -14*(48/(-7) + l). What is the greatest common factor of v and o?
24
Let m be (-4)/14 - (-38)/(-14). Let c(z) = 9*z**2 - 4*z - 3. Let x be c(m). Let p be 34/170 + (-44)/(-5). Calculate the highest common factor of x and p.
9
Let s(p) = -5*p - 31. Let g be s(-7). Suppose 0*n = 2*n - g*f - 4, 3 = 3*f. Calculate the highest common factor of n and 46.
2
Let r = -9 + 6. Let w(z) = -9*z**3 - z**2 - 4*z - 3. Let m be w(r). Suppose -203*s - 203*s + 427*s - 567 = 0. Calculate the greatest common factor of s and m.
27
Let j = 118 - 14. Suppose 5*v - k - 245 = -6*k, k = 2*v - j. Let g be 1 + (-21)/18 - 205/(-6). What is the highest common divisor of v and g?
17
Suppose -c + 280 = 2*b + 2*b, 201 = 3*b + 3*c. Suppose 0 = b*i - 70*i + 6. Let y be (1/i)/((-6)/36). What is the greatest common divisor of y and 1?
1
Suppose 0 = 3*o - 4*o + 2. Suppose -3*r = 0, 2*s + 2*r - 10 - 19 = -9. What is the greatest common divisor of o and s?
2
Let x(s) = 2*s**2 - 5*s + 11. Let f be x(2). Suppose 3*n + f - 3 = 0, 5*n = r - 24. Calculate the greatest common divisor of 16 and r.
2
Let i be (-3 - -1)*91/(-2). Let o be 4/((-32)/(-72)) + -12 + 7 + 35. Calculate the highest common factor of i and o.
13
Suppose -15*k + 14*m = -17*k - 152, -5*k + 4*m + 166 = 0. Let b(h) = 11*h**3 + h**2 - 2*h + 1. Let s be b(1). What is the highest common divisor of s and k?
11
Let o(l) = -12*l**3 - l**2 + 1. Let k be o(-1). Let b be (-27)/6*((-128)/k - -2). What is the highest common divisor of b and 26?
13
Let q(f) = 8*f**2 + 205*f - 61. Let d be q(-29). Calculate the greatest common divisor of 266 and d.
38
Suppose -k - 15*k + 1152 = 0. Calculate the greatest common factor of 288 and k.
72
Let w = -4937 - -5051. What is the highest common divisor of 2432 and w?
38
Suppose -120 = -10*f + 4*f. Suppose 3*y - 1500 = -0*y. Calculate the greatest common divisor of f and y.
20
Let a be (-4)/18 + (5316/(-54))/(-2). Let d = -14 + a. Calculate the greatest common divisor of 385 and d.
35
Suppose -151 + 125 = 7*y - 502. What is the highest common divisor of y and 153?
17
Suppose -2*r + 5*b = -1, 0 = 3*r - 4*b - 5 - 0. Suppose 5*o - w = 6 + 5, 2*o - r*w + 6 = 0. Suppose n = 4*n - 9. What is the greatest common divisor of n and o?
3
Let x be (-2142)/(-27)*(-6)/(-2). Suppose 